{"id":45297,"date":"2025-07-22T10:49:56","date_gmt":"2025-07-22T10:49:56","guid":{"rendered":"https:\/\/www.recer.pt\/collection\/berice\/"},"modified":"2025-07-22T10:49:56","modified_gmt":"2025-07-22T10:49:56","slug":"berice","status":"publish","type":"collection","link":"https:\/\/dev.recer.pt\/fr\/collection\/berice\/","title":{"rendered":"Berice"},"content":{"rendered":"<p>Berice associe l\u2019esprit industriel \u00e0 une esth\u00e9tique contemporaine, pens\u00e9e pour les environnements ext\u00e9rieurs exigeants. Sa surface structur\u00e9e \u00e0 finition mate offre texture et pr\u00e9sence, tandis que les tons Rouge brique, Gris et Gris fonc\u00e9 apportent \u00e9quilibre et intensit\u00e9 visuelle. Une collection robuste et fiable, parfaite pour les ext\u00e9rieurs recherchant fonctionnalit\u00e9, authenticit\u00e9 et un look urbain affirm\u00e9.<\/p>\n","protected":false},"excerpt":{"rendered":"<p>Berice associe l\u2019esprit industriel \u00e0 une esth\u00e9tique contemporaine, pens\u00e9e pour les environnements ext\u00e9rieurs exigeants. Sa surface structur\u00e9e \u00e0 finition mate offre texture et pr\u00e9sence, tandis que les tons Rouge brique, Gris et Gris fonc\u00e9 apportent \u00e9quilibre et intensit\u00e9 visuelle. Une collection robuste et fiable, parfaite pour les ext\u00e9rieurs recherchant fonctionnalit\u00e9, authenticit\u00e9 et un look urbain [&hellip;]<\/p>\n","protected":false},"featured_media":44794,"template":"","class_list":["post-45297","collection","type-collection","status-publish","has-post-thumbnail","hentry","look-ceramique-dexterieur","look-couleur","brand-gresco-fr"],"acf":[],"yoast_head":"<!-- This site is optimized with the Yoast SEO plugin v27.4 - https:\/\/yoast.com\/product\/yoast-seo-wordpress\/ -->\n<title>Berice - Recer<\/title>\n<meta name=\"robots\" content=\"index, follow, max-snippet:-1, max-image-preview:large, max-video-preview:-1\" \/>\n<link rel=\"canonical\" href=\"https:\/\/dev.recer.pt\/fr\/collection\/berice\/\" \/>\n<meta property=\"og:locale\" content=\"fr_FR\" \/>\n<meta property=\"og:type\" content=\"article\" \/>\n<meta property=\"og:title\" content=\"Berice - Recer\" \/>\n<meta property=\"og:description\" content=\"Berice associe l\u2019esprit industriel \u00e0 une esth\u00e9tique contemporaine, pens\u00e9e pour les environnements ext\u00e9rieurs exigeants. Sa surface structur\u00e9e \u00e0 finition mate offre texture et pr\u00e9sence, tandis que les tons Rouge brique, Gris et Gris fonc\u00e9 apportent \u00e9quilibre et intensit\u00e9 visuelle. Une collection robuste et fiable, parfaite pour les ext\u00e9rieurs recherchant fonctionnalit\u00e9, authenticit\u00e9 et un look urbain [&hellip;]\" \/>\n<meta property=\"og:url\" content=\"https:\/\/dev.recer.pt\/fr\/collection\/berice\/\" \/>\n<meta property=\"og:site_name\" content=\"Recer\" \/>\n<meta property=\"article:publisher\" content=\"https:\/\/www.facebook.com\/recerceramics\" \/>\n<meta property=\"og:image\" content=\"https:\/\/dev.recer.pt\/wp-content\/uploads\/2025\/07\/cover-Berice.jpg\" \/>\n\t<meta property=\"og:image:width\" content=\"1920\" \/>\n\t<meta property=\"og:image:height\" content=\"1080\" \/>\n\t<meta property=\"og:image:type\" content=\"image\/jpeg\" \/>\n<meta name=\"twitter:card\" content=\"summary_large_image\" \/>\n<script type=\"application\/ld+json\" class=\"yoast-schema-graph\">{\"@context\":\"https:\\\/\\\/schema.org\",\"@graph\":[{\"@type\":\"WebPage\",\"@id\":\"https:\\\/\\\/dev.recer.pt\\\/fr\\\/collection\\\/berice\\\/\",\"url\":\"https:\\\/\\\/dev.recer.pt\\\/fr\\\/collection\\\/berice\\\/\",\"name\":\"Berice - Recer\",\"isPartOf\":{\"@id\":\"https:\\\/\\\/dev.recer.pt\\\/fr\\\/#website\"},\"primaryImageOfPage\":{\"@id\":\"https:\\\/\\\/dev.recer.pt\\\/fr\\\/collection\\\/berice\\\/#primaryimage\"},\"image\":{\"@id\":\"https:\\\/\\\/dev.recer.pt\\\/fr\\\/collection\\\/berice\\\/#primaryimage\"},\"thumbnailUrl\":\"https:\\\/\\\/dev.recer.pt\\\/wp-content\\\/uploads\\\/2025\\\/07\\\/cover-Berice.jpg\",\"datePublished\":\"2025-07-22T10:49:56+00:00\",\"breadcrumb\":{\"@id\":\"https:\\\/\\\/dev.recer.pt\\\/fr\\\/collection\\\/berice\\\/#breadcrumb\"},\"inLanguage\":\"fr-FR\",\"potentialAction\":[{\"@type\":\"ReadAction\",\"target\":[\"https:\\\/\\\/dev.recer.pt\\\/fr\\\/collection\\\/berice\\\/\"]}]},{\"@type\":\"ImageObject\",\"inLanguage\":\"fr-FR\",\"@id\":\"https:\\\/\\\/dev.recer.pt\\\/fr\\\/collection\\\/berice\\\/#primaryimage\",\"url\":\"https:\\\/\\\/dev.recer.pt\\\/wp-content\\\/uploads\\\/2025\\\/07\\\/cover-Berice.jpg\",\"contentUrl\":\"https:\\\/\\\/dev.recer.pt\\\/wp-content\\\/uploads\\\/2025\\\/07\\\/cover-Berice.jpg\",\"width\":1920,\"height\":1080},{\"@type\":\"BreadcrumbList\",\"@id\":\"https:\\\/\\\/dev.recer.pt\\\/fr\\\/collection\\\/berice\\\/#breadcrumb\",\"itemListElement\":[{\"@type\":\"ListItem\",\"position\":1,\"name\":\"Home\",\"item\":\"https:\\\/\\\/dev.recer.pt\\\/fr\\\/\"},{\"@type\":\"ListItem\",\"position\":2,\"name\":\"Collections\",\"item\":\"https:\\\/\\\/dev.recer.pt\\\/fr\\\/collection\\\/\"},{\"@type\":\"ListItem\",\"position\":3,\"name\":\"Berice\"}]},{\"@type\":\"WebSite\",\"@id\":\"https:\\\/\\\/dev.recer.pt\\\/fr\\\/#website\",\"url\":\"https:\\\/\\\/dev.recer.pt\\\/fr\\\/\",\"name\":\"Recer\",\"description\":\"\",\"potentialAction\":[{\"@type\":\"SearchAction\",\"target\":{\"@type\":\"EntryPoint\",\"urlTemplate\":\"https:\\\/\\\/dev.recer.pt\\\/fr\\\/?s={search_term_string}\"},\"query-input\":{\"@type\":\"PropertyValueSpecification\",\"valueRequired\":true,\"valueName\":\"search_term_string\"}}],\"inLanguage\":\"fr-FR\"}]}<\/script>\n<!-- \/ Yoast SEO plugin. -->","yoast_head_json":{"title":"Berice - Recer","robots":{"index":"index","follow":"follow","max-snippet":"max-snippet:-1","max-image-preview":"max-image-preview:large","max-video-preview":"max-video-preview:-1"},"canonical":"https:\/\/dev.recer.pt\/fr\/collection\/berice\/","og_locale":"fr_FR","og_type":"article","og_title":"Berice - Recer","og_description":"Berice associe l\u2019esprit industriel \u00e0 une esth\u00e9tique contemporaine, pens\u00e9e pour les environnements ext\u00e9rieurs exigeants. Sa surface structur\u00e9e \u00e0 finition mate offre texture et pr\u00e9sence, tandis que les tons Rouge brique, Gris et Gris fonc\u00e9 apportent \u00e9quilibre et intensit\u00e9 visuelle. Une collection robuste et fiable, parfaite pour les ext\u00e9rieurs recherchant fonctionnalit\u00e9, authenticit\u00e9 et un look urbain [&hellip;]","og_url":"https:\/\/dev.recer.pt\/fr\/collection\/berice\/","og_site_name":"Recer","article_publisher":"https:\/\/www.facebook.com\/recerceramics","og_image":[{"width":1920,"height":1080,"url":"https:\/\/dev.recer.pt\/wp-content\/uploads\/2025\/07\/cover-Berice.jpg","type":"image\/jpeg"}],"twitter_card":"summary_large_image","schema":{"@context":"https:\/\/schema.org","@graph":[{"@type":"WebPage","@id":"https:\/\/dev.recer.pt\/fr\/collection\/berice\/","url":"https:\/\/dev.recer.pt\/fr\/collection\/berice\/","name":"Berice - Recer","isPartOf":{"@id":"https:\/\/dev.recer.pt\/fr\/#website"},"primaryImageOfPage":{"@id":"https:\/\/dev.recer.pt\/fr\/collection\/berice\/#primaryimage"},"image":{"@id":"https:\/\/dev.recer.pt\/fr\/collection\/berice\/#primaryimage"},"thumbnailUrl":"https:\/\/dev.recer.pt\/wp-content\/uploads\/2025\/07\/cover-Berice.jpg","datePublished":"2025-07-22T10:49:56+00:00","breadcrumb":{"@id":"https:\/\/dev.recer.pt\/fr\/collection\/berice\/#breadcrumb"},"inLanguage":"fr-FR","potentialAction":[{"@type":"ReadAction","target":["https:\/\/dev.recer.pt\/fr\/collection\/berice\/"]}]},{"@type":"ImageObject","inLanguage":"fr-FR","@id":"https:\/\/dev.recer.pt\/fr\/collection\/berice\/#primaryimage","url":"https:\/\/dev.recer.pt\/wp-content\/uploads\/2025\/07\/cover-Berice.jpg","contentUrl":"https:\/\/dev.recer.pt\/wp-content\/uploads\/2025\/07\/cover-Berice.jpg","width":1920,"height":1080},{"@type":"BreadcrumbList","@id":"https:\/\/dev.recer.pt\/fr\/collection\/berice\/#breadcrumb","itemListElement":[{"@type":"ListItem","position":1,"name":"Home","item":"https:\/\/dev.recer.pt\/fr\/"},{"@type":"ListItem","position":2,"name":"Collections","item":"https:\/\/dev.recer.pt\/fr\/collection\/"},{"@type":"ListItem","position":3,"name":"Berice"}]},{"@type":"WebSite","@id":"https:\/\/dev.recer.pt\/fr\/#website","url":"https:\/\/dev.recer.pt\/fr\/","name":"Recer","description":"","potentialAction":[{"@type":"SearchAction","target":{"@type":"EntryPoint","urlTemplate":"https:\/\/dev.recer.pt\/fr\/?s={search_term_string}"},"query-input":{"@type":"PropertyValueSpecification","valueRequired":true,"valueName":"search_term_string"}}],"inLanguage":"fr-FR"}]}},"_links":{"self":[{"href":"https:\/\/dev.recer.pt\/fr\/wp-json\/wp\/v2\/collections\/45297","targetHints":{"allow":["GET"]}}],"collection":[{"href":"https:\/\/dev.recer.pt\/fr\/wp-json\/wp\/v2\/collections"}],"about":[{"href":"https:\/\/dev.recer.pt\/fr\/wp-json\/wp\/v2\/types\/collection"}],"wp:featuredmedia":[{"embeddable":true,"href":"https:\/\/dev.recer.pt\/fr\/wp-json\/wp\/v2\/media\/44794"}],"wp:attachment":[{"href":"https:\/\/dev.recer.pt\/fr\/wp-json\/wp\/v2\/media?parent=45297"}],"curies":[{"name":"wp","href":"https:\/\/api.w.org\/{rel}","templated":true}]}}

<p>Berice associe l’esprit industriel à une esthétique contemporaine, pensée pour les environnements extérieurs exigeants. Sa surface structurée à finition mate offre texture et présence, tandis que les tons Rouge brique, Gris et Gris foncé apportent équilibre et intensité visuelle. Une collection robuste et fiable, parfaite pour les extérieurs recherchant fonctionnalité, authenticité et un look urbain affirmé.</p>

<p>Berice associe l’esprit industriel à une esthétique contemporaine, pensée pour les environnements extérieurs exigeants. Sa surface structurée à finition mate offre texture et présence, tandis que les tons Rouge brique, Gris et Gris foncé apportent équilibre et intensité visuelle. Une collection robuste et fiable, parfaite pour les extérieurs recherchant fonctionnalité, authenticité et un look urbain [&hellip;]</p>

<!-- This site is optimized with the Yoast SEO plugin v27.4 - https://yoast.com/product/yoast-seo-wordpress/ -->
<title>Berice - Recer</title>
<meta name="robots" content="index, follow, max-snippet:-1, max-image-preview:large, max-video-preview:-1" />
<link rel="canonical" href="https://dev.recer.pt/fr/collection/berice/" />
<meta property="og:locale" content="fr_FR" />
<meta property="og:type" content="article" />
<meta property="og:title" content="Berice - Recer" />
<meta property="og:description" content="Berice associe l’esprit industriel à une esthétique contemporaine, pensée pour les environnements extérieurs exigeants. Sa surface structurée à finition mate offre texture et présence, tandis que les tons Rouge brique, Gris et Gris foncé apportent équilibre et intensité visuelle. Une collection robuste et fiable, parfaite pour les extérieurs recherchant fonctionnalité, authenticité et un look urbain [&hellip;]" />
<meta property="og:url" content="https://dev.recer.pt/fr/collection/berice/" />
<meta property="og:site_name" content="Recer" />
<meta property="article:publisher" content="https://www.facebook.com/recerceramics" />
<meta property="og:image" content="https://dev.recer.pt/wp-content/uploads/2025/07/cover-Berice.jpg" />
	<meta property="og:image:width" content="1920" />
	<meta property="og:image:height" content="1080" />
	<meta property="og:image:type" content="image/jpeg" />
<meta name="twitter:card" content="summary_large_image" />
<script type="application/ld+json" class="yoast-schema-graph">{"@context":"https:\/\/schema.org","@graph":[{"@type":"WebPage","@id":"https:\/\/dev.recer.pt\/fr\/collection\/berice\/","url":"https:\/\/dev.recer.pt\/fr\/collection\/berice\/","name":"Berice - Recer","isPartOf":{"@id":"https:\/\/dev.recer.pt\/fr\/#website"},"primaryImageOfPage":{"@id":"https:\/\/dev.recer.pt\/fr\/collection\/berice\/#primaryimage"},"image":{"@id":"https:\/\/dev.recer.pt\/fr\/collection\/berice\/#primaryimage"},"thumbnailUrl":"https:\/\/dev.recer.pt\/wp-content\/uploads\/2025\/07\/cover-Berice.jpg","datePublished":"2025-07-22T10:49:56+00:00","breadcrumb":{"@id":"https:\/\/dev.recer.pt\/fr\/collection\/berice\/#breadcrumb"},"inLanguage":"fr-FR","potentialAction":[{"@type":"ReadAction","target":["https:\/\/dev.recer.pt\/fr\/collection\/berice\/"]}]},{"@type":"ImageObject","inLanguage":"fr-FR","@id":"https:\/\/dev.recer.pt\/fr\/collection\/berice\/#primaryimage","url":"https:\/\/dev.recer.pt\/wp-content\/uploads\/2025\/07\/cover-Berice.jpg","contentUrl":"https:\/\/dev.recer.pt\/wp-content\/uploads\/2025\/07\/cover-Berice.jpg","width":1920,"height":1080},{"@type":"BreadcrumbList","@id":"https:\/\/dev.recer.pt\/fr\/collection\/berice\/#breadcrumb","itemListElement":[{"@type":"ListItem","position":1,"name":"Home","item":"https:\/\/dev.recer.pt\/fr\/"},{"@type":"ListItem","position":2,"name":"Collections","item":"https:\/\/dev.recer.pt\/fr\/collection\/"},{"@type":"ListItem","position":3,"name":"Berice"}]},{"@type":"WebSite","@id":"https:\/\/dev.recer.pt\/fr\/#website","url":"https:\/\/dev.recer.pt\/fr\/","name":"Recer","description":"","potentialAction":[{"@type":"SearchAction","target":{"@type":"EntryPoint","urlTemplate":"https:\/\/dev.recer.pt\/fr\/?s={search_term_string}"},"query-input":{"@type":"PropertyValueSpecification","valueRequired":true,"valueName":"search_term_string"}}],"inLanguage":"fr-FR"}]}</script>
<!-- / Yoast SEO plugin. -->

Berice associe l’esprit industriel à une esthétique contemporaine, pensée pour les environnements extérieurs exigeants. Sa surface structurée à finition mate offre texture et présence, tandis que les tons Rouge brique, Gris et Gris foncé apportent équilibre et intensité visuelle. Une collection robuste et fiable, parfaite pour les extérieurs recherchant fonctionnalité, authenticité et un look urbain [&hellip;]
