{"id":45285,"date":"2025-07-22T10:28:03","date_gmt":"2025-07-22T10:28:03","guid":{"rendered":"https:\/\/www.recer.pt\/collection\/roots\/"},"modified":"2025-07-22T10:28:03","modified_gmt":"2025-07-22T10:28:03","slug":"roots","status":"publish","type":"collection","link":"https:\/\/dev.recer.pt\/fr\/collection\/roots\/","title":{"rendered":"Roots"},"content":{"rendered":"<p>Roots propose une pierre multicolore en deux tonalit\u00e9s \u00e9voquant la terre ancestrale. Elle se distingue par deux d\u00e9cors qui simulent avec r\u00e9alisme un effet brique et une mosa\u00efque multi-format, id\u00e9als pour apporter texture et dynamisme aux espaces. Une collection qui capte l\u2019essence de la nature dans des environnements contemporains, cr\u00e9ant des lieux empreints d\u2019histoire et de chaleur authentique.<\/p>\n","protected":false},"excerpt":{"rendered":"<p>Roots propose une pierre multicolore en deux tonalit\u00e9s \u00e9voquant la terre ancestrale. Elle se distingue par deux d\u00e9cors qui simulent avec r\u00e9alisme un effet brique et une mosa\u00efque multi-format, id\u00e9als pour apporter texture et dynamisme aux espaces. Une collection qui capte l\u2019essence de la nature dans des environnements contemporains, cr\u00e9ant des lieux empreints d\u2019histoire et [&hellip;]<\/p>\n","protected":false},"featured_media":44577,"template":"","class_list":["post-45285","collection","type-collection","status-publish","has-post-thumbnail","hentry","look-ceramique-dexterieur","look-pierre","brand-gresco-fr"],"acf":[],"yoast_head":"<!-- This site is optimized with the Yoast SEO plugin v27.4 - https:\/\/yoast.com\/product\/yoast-seo-wordpress\/ -->\n<title>Roots - Recer<\/title>\n<meta name=\"robots\" content=\"index, follow, max-snippet:-1, max-image-preview:large, max-video-preview:-1\" \/>\n<link rel=\"canonical\" href=\"https:\/\/dev.recer.pt\/fr\/collection\/roots\/\" \/>\n<meta property=\"og:locale\" content=\"fr_FR\" \/>\n<meta property=\"og:type\" content=\"article\" \/>\n<meta property=\"og:title\" content=\"Roots - Recer\" \/>\n<meta property=\"og:description\" content=\"Roots propose une pierre multicolore en deux tonalit\u00e9s \u00e9voquant la terre ancestrale. Elle se distingue par deux d\u00e9cors qui simulent avec r\u00e9alisme un effet brique et une mosa\u00efque multi-format, id\u00e9als pour apporter texture et dynamisme aux espaces. Une collection qui capte l\u2019essence de la nature dans des environnements contemporains, cr\u00e9ant des lieux empreints d\u2019histoire et [&hellip;]\" \/>\n<meta property=\"og:url\" content=\"https:\/\/dev.recer.pt\/fr\/collection\/roots\/\" \/>\n<meta property=\"og:site_name\" content=\"Recer\" \/>\n<meta property=\"article:publisher\" content=\"https:\/\/www.facebook.com\/recerceramics\" \/>\n<meta property=\"og:image\" content=\"https:\/\/dev.recer.pt\/wp-content\/uploads\/2025\/07\/cover-Roots.jpg\" \/>\n\t<meta property=\"og:image:width\" content=\"1920\" \/>\n\t<meta property=\"og:image:height\" content=\"1080\" \/>\n\t<meta property=\"og:image:type\" content=\"image\/jpeg\" \/>\n<meta name=\"twitter:card\" content=\"summary_large_image\" \/>\n<script type=\"application\/ld+json\" class=\"yoast-schema-graph\">{\"@context\":\"https:\\\/\\\/schema.org\",\"@graph\":[{\"@type\":\"WebPage\",\"@id\":\"https:\\\/\\\/dev.recer.pt\\\/fr\\\/collection\\\/roots\\\/\",\"url\":\"https:\\\/\\\/dev.recer.pt\\\/fr\\\/collection\\\/roots\\\/\",\"name\":\"Roots - Recer\",\"isPartOf\":{\"@id\":\"https:\\\/\\\/dev.recer.pt\\\/fr\\\/#website\"},\"primaryImageOfPage\":{\"@id\":\"https:\\\/\\\/dev.recer.pt\\\/fr\\\/collection\\\/roots\\\/#primaryimage\"},\"image\":{\"@id\":\"https:\\\/\\\/dev.recer.pt\\\/fr\\\/collection\\\/roots\\\/#primaryimage\"},\"thumbnailUrl\":\"https:\\\/\\\/dev.recer.pt\\\/wp-content\\\/uploads\\\/2025\\\/07\\\/cover-Roots.jpg\",\"datePublished\":\"2025-07-22T10:28:03+00:00\",\"breadcrumb\":{\"@id\":\"https:\\\/\\\/dev.recer.pt\\\/fr\\\/collection\\\/roots\\\/#breadcrumb\"},\"inLanguage\":\"fr-FR\",\"potentialAction\":[{\"@type\":\"ReadAction\",\"target\":[\"https:\\\/\\\/dev.recer.pt\\\/fr\\\/collection\\\/roots\\\/\"]}]},{\"@type\":\"ImageObject\",\"inLanguage\":\"fr-FR\",\"@id\":\"https:\\\/\\\/dev.recer.pt\\\/fr\\\/collection\\\/roots\\\/#primaryimage\",\"url\":\"https:\\\/\\\/dev.recer.pt\\\/wp-content\\\/uploads\\\/2025\\\/07\\\/cover-Roots.jpg\",\"contentUrl\":\"https:\\\/\\\/dev.recer.pt\\\/wp-content\\\/uploads\\\/2025\\\/07\\\/cover-Roots.jpg\",\"width\":1920,\"height\":1080},{\"@type\":\"BreadcrumbList\",\"@id\":\"https:\\\/\\\/dev.recer.pt\\\/fr\\\/collection\\\/roots\\\/#breadcrumb\",\"itemListElement\":[{\"@type\":\"ListItem\",\"position\":1,\"name\":\"Home\",\"item\":\"https:\\\/\\\/dev.recer.pt\\\/fr\\\/\"},{\"@type\":\"ListItem\",\"position\":2,\"name\":\"Collections\",\"item\":\"https:\\\/\\\/dev.recer.pt\\\/fr\\\/collection\\\/\"},{\"@type\":\"ListItem\",\"position\":3,\"name\":\"Roots\"}]},{\"@type\":\"WebSite\",\"@id\":\"https:\\\/\\\/dev.recer.pt\\\/fr\\\/#website\",\"url\":\"https:\\\/\\\/dev.recer.pt\\\/fr\\\/\",\"name\":\"Recer\",\"description\":\"\",\"potentialAction\":[{\"@type\":\"SearchAction\",\"target\":{\"@type\":\"EntryPoint\",\"urlTemplate\":\"https:\\\/\\\/dev.recer.pt\\\/fr\\\/?s={search_term_string}\"},\"query-input\":{\"@type\":\"PropertyValueSpecification\",\"valueRequired\":true,\"valueName\":\"search_term_string\"}}],\"inLanguage\":\"fr-FR\"}]}<\/script>\n<!-- \/ Yoast SEO plugin. -->","yoast_head_json":{"title":"Roots - Recer","robots":{"index":"index","follow":"follow","max-snippet":"max-snippet:-1","max-image-preview":"max-image-preview:large","max-video-preview":"max-video-preview:-1"},"canonical":"https:\/\/dev.recer.pt\/fr\/collection\/roots\/","og_locale":"fr_FR","og_type":"article","og_title":"Roots - Recer","og_description":"Roots propose une pierre multicolore en deux tonalit\u00e9s \u00e9voquant la terre ancestrale. Elle se distingue par deux d\u00e9cors qui simulent avec r\u00e9alisme un effet brique et une mosa\u00efque multi-format, id\u00e9als pour apporter texture et dynamisme aux espaces. Une collection qui capte l\u2019essence de la nature dans des environnements contemporains, cr\u00e9ant des lieux empreints d\u2019histoire et [&hellip;]","og_url":"https:\/\/dev.recer.pt\/fr\/collection\/roots\/","og_site_name":"Recer","article_publisher":"https:\/\/www.facebook.com\/recerceramics","og_image":[{"width":1920,"height":1080,"url":"https:\/\/dev.recer.pt\/wp-content\/uploads\/2025\/07\/cover-Roots.jpg","type":"image\/jpeg"}],"twitter_card":"summary_large_image","schema":{"@context":"https:\/\/schema.org","@graph":[{"@type":"WebPage","@id":"https:\/\/dev.recer.pt\/fr\/collection\/roots\/","url":"https:\/\/dev.recer.pt\/fr\/collection\/roots\/","name":"Roots - Recer","isPartOf":{"@id":"https:\/\/dev.recer.pt\/fr\/#website"},"primaryImageOfPage":{"@id":"https:\/\/dev.recer.pt\/fr\/collection\/roots\/#primaryimage"},"image":{"@id":"https:\/\/dev.recer.pt\/fr\/collection\/roots\/#primaryimage"},"thumbnailUrl":"https:\/\/dev.recer.pt\/wp-content\/uploads\/2025\/07\/cover-Roots.jpg","datePublished":"2025-07-22T10:28:03+00:00","breadcrumb":{"@id":"https:\/\/dev.recer.pt\/fr\/collection\/roots\/#breadcrumb"},"inLanguage":"fr-FR","potentialAction":[{"@type":"ReadAction","target":["https:\/\/dev.recer.pt\/fr\/collection\/roots\/"]}]},{"@type":"ImageObject","inLanguage":"fr-FR","@id":"https:\/\/dev.recer.pt\/fr\/collection\/roots\/#primaryimage","url":"https:\/\/dev.recer.pt\/wp-content\/uploads\/2025\/07\/cover-Roots.jpg","contentUrl":"https:\/\/dev.recer.pt\/wp-content\/uploads\/2025\/07\/cover-Roots.jpg","width":1920,"height":1080},{"@type":"BreadcrumbList","@id":"https:\/\/dev.recer.pt\/fr\/collection\/roots\/#breadcrumb","itemListElement":[{"@type":"ListItem","position":1,"name":"Home","item":"https:\/\/dev.recer.pt\/fr\/"},{"@type":"ListItem","position":2,"name":"Collections","item":"https:\/\/dev.recer.pt\/fr\/collection\/"},{"@type":"ListItem","position":3,"name":"Roots"}]},{"@type":"WebSite","@id":"https:\/\/dev.recer.pt\/fr\/#website","url":"https:\/\/dev.recer.pt\/fr\/","name":"Recer","description":"","potentialAction":[{"@type":"SearchAction","target":{"@type":"EntryPoint","urlTemplate":"https:\/\/dev.recer.pt\/fr\/?s={search_term_string}"},"query-input":{"@type":"PropertyValueSpecification","valueRequired":true,"valueName":"search_term_string"}}],"inLanguage":"fr-FR"}]}},"_links":{"self":[{"href":"https:\/\/dev.recer.pt\/fr\/wp-json\/wp\/v2\/collections\/45285","targetHints":{"allow":["GET"]}}],"collection":[{"href":"https:\/\/dev.recer.pt\/fr\/wp-json\/wp\/v2\/collections"}],"about":[{"href":"https:\/\/dev.recer.pt\/fr\/wp-json\/wp\/v2\/types\/collection"}],"wp:featuredmedia":[{"embeddable":true,"href":"https:\/\/dev.recer.pt\/fr\/wp-json\/wp\/v2\/media\/44577"}],"wp:attachment":[{"href":"https:\/\/dev.recer.pt\/fr\/wp-json\/wp\/v2\/media?parent=45285"}],"curies":[{"name":"wp","href":"https:\/\/api.w.org\/{rel}","templated":true}]}}

<p>Roots propose une pierre multicolore en deux tonalités évoquant la terre ancestrale. Elle se distingue par deux décors qui simulent avec réalisme un effet brique et une mosaïque multi-format, idéals pour apporter texture et dynamisme aux espaces. Une collection qui capte l’essence de la nature dans des environnements contemporains, créant des lieux empreints d’histoire et de chaleur authentique.</p>

<p>Roots propose une pierre multicolore en deux tonalités évoquant la terre ancestrale. Elle se distingue par deux décors qui simulent avec réalisme un effet brique et une mosaïque multi-format, idéals pour apporter texture et dynamisme aux espaces. Une collection qui capte l’essence de la nature dans des environnements contemporains, créant des lieux empreints d’histoire et [&hellip;]</p>

<!-- This site is optimized with the Yoast SEO plugin v27.4 - https://yoast.com/product/yoast-seo-wordpress/ -->
<title>Roots - Recer</title>
<meta name="robots" content="index, follow, max-snippet:-1, max-image-preview:large, max-video-preview:-1" />
<link rel="canonical" href="https://dev.recer.pt/fr/collection/roots/" />
<meta property="og:locale" content="fr_FR" />
<meta property="og:type" content="article" />
<meta property="og:title" content="Roots - Recer" />
<meta property="og:description" content="Roots propose une pierre multicolore en deux tonalités évoquant la terre ancestrale. Elle se distingue par deux décors qui simulent avec réalisme un effet brique et une mosaïque multi-format, idéals pour apporter texture et dynamisme aux espaces. Une collection qui capte l’essence de la nature dans des environnements contemporains, créant des lieux empreints d’histoire et [&hellip;]" />
<meta property="og:url" content="https://dev.recer.pt/fr/collection/roots/" />
<meta property="og:site_name" content="Recer" />
<meta property="article:publisher" content="https://www.facebook.com/recerceramics" />
<meta property="og:image" content="https://dev.recer.pt/wp-content/uploads/2025/07/cover-Roots.jpg" />
	<meta property="og:image:width" content="1920" />
	<meta property="og:image:height" content="1080" />
	<meta property="og:image:type" content="image/jpeg" />
<meta name="twitter:card" content="summary_large_image" />
<script type="application/ld+json" class="yoast-schema-graph">{"@context":"https:\/\/schema.org","@graph":[{"@type":"WebPage","@id":"https:\/\/dev.recer.pt\/fr\/collection\/roots\/","url":"https:\/\/dev.recer.pt\/fr\/collection\/roots\/","name":"Roots - Recer","isPartOf":{"@id":"https:\/\/dev.recer.pt\/fr\/#website"},"primaryImageOfPage":{"@id":"https:\/\/dev.recer.pt\/fr\/collection\/roots\/#primaryimage"},"image":{"@id":"https:\/\/dev.recer.pt\/fr\/collection\/roots\/#primaryimage"},"thumbnailUrl":"https:\/\/dev.recer.pt\/wp-content\/uploads\/2025\/07\/cover-Roots.jpg","datePublished":"2025-07-22T10:28:03+00:00","breadcrumb":{"@id":"https:\/\/dev.recer.pt\/fr\/collection\/roots\/#breadcrumb"},"inLanguage":"fr-FR","potentialAction":[{"@type":"ReadAction","target":["https:\/\/dev.recer.pt\/fr\/collection\/roots\/"]}]},{"@type":"ImageObject","inLanguage":"fr-FR","@id":"https:\/\/dev.recer.pt\/fr\/collection\/roots\/#primaryimage","url":"https:\/\/dev.recer.pt\/wp-content\/uploads\/2025\/07\/cover-Roots.jpg","contentUrl":"https:\/\/dev.recer.pt\/wp-content\/uploads\/2025\/07\/cover-Roots.jpg","width":1920,"height":1080},{"@type":"BreadcrumbList","@id":"https:\/\/dev.recer.pt\/fr\/collection\/roots\/#breadcrumb","itemListElement":[{"@type":"ListItem","position":1,"name":"Home","item":"https:\/\/dev.recer.pt\/fr\/"},{"@type":"ListItem","position":2,"name":"Collections","item":"https:\/\/dev.recer.pt\/fr\/collection\/"},{"@type":"ListItem","position":3,"name":"Roots"}]},{"@type":"WebSite","@id":"https:\/\/dev.recer.pt\/fr\/#website","url":"https:\/\/dev.recer.pt\/fr\/","name":"Recer","description":"","potentialAction":[{"@type":"SearchAction","target":{"@type":"EntryPoint","urlTemplate":"https:\/\/dev.recer.pt\/fr\/?s={search_term_string}"},"query-input":{"@type":"PropertyValueSpecification","valueRequired":true,"valueName":"search_term_string"}}],"inLanguage":"fr-FR"}]}</script>
<!-- / Yoast SEO plugin. -->

Roots propose une pierre multicolore en deux tonalités évoquant la terre ancestrale. Elle se distingue par deux décors qui simulent avec réalisme un effet brique et une mosaïque multi-format, idéals pour apporter texture et dynamisme aux espaces. Une collection qui capte l’essence de la nature dans des environnements contemporains, créant des lieux empreints d’histoire et [&hellip;]
