{"id":33303,"date":"2024-11-19T10:59:03","date_gmt":"2024-11-19T10:59:03","guid":{"rendered":"https:\/\/www.recer.pt\/collection\/porto\/"},"modified":"2025-05-25T10:52:08","modified_gmt":"2025-05-25T10:52:08","slug":"porto","status":"publish","type":"collection","link":"https:\/\/dev.recer.pt\/fr\/collection\/porto\/","title":{"rendered":"Porto"},"content":{"rendered":"<p>Inspir\u00e9e par l&rsquo;h\u00e9ritage architectural de la ville de Porto, cette s\u00e9rie allie l&rsquo;expression historique \u00e0 la fonctionnalit\u00e9 contemporaine.<\/p>\n<p>Ces carreaux biseaut\u00e9s sont disponibles dans le format 7,5&#215;15 et dans 9 couleurs vibrantes. Elles ont une surface textur\u00e9e avec des bords angulaires, ce qui cr\u00e9e un effet visuel particulier et ajoute de la profondeur \u00e0 l&rsquo;espace o\u00f9 elles sont appliqu\u00e9es.<\/p>\n<p>\u00c0 l&rsquo;ext\u00e9rieur, elles deviennent les protagonistes des fa\u00e7ades, en ajoutant une touche de tradition et de caract\u00e8re.<\/p>\n","protected":false},"excerpt":{"rendered":"<p>Inspir\u00e9e par l&rsquo;h\u00e9ritage architectural de la ville de Porto, cette s\u00e9rie allie l&rsquo;expression historique \u00e0 la fonctionnalit\u00e9 contemporaine. Ces carreaux biseaut\u00e9s sont disponibles dans le format 7,5&#215;15 et dans 9 couleurs vibrantes. Elles ont une surface textur\u00e9e avec des bords angulaires, ce qui cr\u00e9e un effet visuel particulier et ajoute de la profondeur \u00e0 l&rsquo;espace [&hellip;]<\/p>\n","protected":false},"featured_media":27320,"template":"","class_list":["post-33303","collection","type-collection","status-publish","has-post-thumbnail","hentry","look-couleur"],"acf":[],"yoast_head":"<!-- This site is optimized with the Yoast SEO plugin v27.4 - https:\/\/yoast.com\/product\/yoast-seo-wordpress\/ -->\n<title>Carreau biseaut\u00e9 - Porto - Recer<\/title>\n<meta name=\"description\" content=\"Porto associe tradition et modernit\u00e9 dans un carreau biseaut\u00e9 qui apporte de la profondeur visuelle \u00e0 vos espaces. D\u00e9couvrez ses 9 couleurs vibrantes.\" \/>\n<meta name=\"robots\" content=\"index, follow, max-snippet:-1, max-image-preview:large, max-video-preview:-1\" \/>\n<link rel=\"canonical\" href=\"https:\/\/dev.recer.pt\/fr\/collection\/porto\/\" \/>\n<meta property=\"og:locale\" content=\"fr_FR\" \/>\n<meta property=\"og:type\" content=\"article\" \/>\n<meta property=\"og:title\" content=\"Carreau biseaut\u00e9 - Porto - Recer\" \/>\n<meta property=\"og:description\" content=\"Porto associe tradition et modernit\u00e9 dans un carreau biseaut\u00e9 qui apporte de la profondeur visuelle \u00e0 vos espaces. D\u00e9couvrez ses 9 couleurs vibrantes.\" \/>\n<meta property=\"og:url\" content=\"https:\/\/dev.recer.pt\/fr\/collection\/porto\/\" \/>\n<meta property=\"og:site_name\" content=\"Recer\" \/>\n<meta property=\"article:publisher\" content=\"https:\/\/www.facebook.com\/recerceramics\" \/>\n<meta property=\"article:modified_time\" content=\"2025-05-25T10:52:08+00:00\" \/>\n<meta property=\"og:image\" content=\"https:\/\/dev.recer.pt\/wp-content\/uploads\/2024\/11\/cover-porto.jpg\" \/>\n\t<meta property=\"og:image:width\" content=\"1920\" \/>\n\t<meta property=\"og:image:height\" content=\"1080\" \/>\n\t<meta property=\"og:image:type\" content=\"image\/jpeg\" \/>\n<meta name=\"twitter:card\" content=\"summary_large_image\" \/>\n<script type=\"application\/ld+json\" class=\"yoast-schema-graph\">{\"@context\":\"https:\\\/\\\/schema.org\",\"@graph\":[{\"@type\":\"WebPage\",\"@id\":\"https:\\\/\\\/dev.recer.pt\\\/fr\\\/collection\\\/porto\\\/\",\"url\":\"https:\\\/\\\/dev.recer.pt\\\/fr\\\/collection\\\/porto\\\/\",\"name\":\"Carreau biseaut\u00e9 - Porto - Recer\",\"isPartOf\":{\"@id\":\"https:\\\/\\\/dev.recer.pt\\\/fr\\\/#website\"},\"primaryImageOfPage\":{\"@id\":\"https:\\\/\\\/dev.recer.pt\\\/fr\\\/collection\\\/porto\\\/#primaryimage\"},\"image\":{\"@id\":\"https:\\\/\\\/dev.recer.pt\\\/fr\\\/collection\\\/porto\\\/#primaryimage\"},\"thumbnailUrl\":\"https:\\\/\\\/dev.recer.pt\\\/wp-content\\\/uploads\\\/2024\\\/11\\\/cover-porto.jpg\",\"datePublished\":\"2024-11-19T10:59:03+00:00\",\"dateModified\":\"2025-05-25T10:52:08+00:00\",\"description\":\"Porto associe tradition et modernit\u00e9 dans un carreau biseaut\u00e9 qui apporte de la profondeur visuelle \u00e0 vos espaces. D\u00e9couvrez ses 9 couleurs vibrantes.\",\"breadcrumb\":{\"@id\":\"https:\\\/\\\/dev.recer.pt\\\/fr\\\/collection\\\/porto\\\/#breadcrumb\"},\"inLanguage\":\"fr-FR\",\"potentialAction\":[{\"@type\":\"ReadAction\",\"target\":[\"https:\\\/\\\/dev.recer.pt\\\/fr\\\/collection\\\/porto\\\/\"]}]},{\"@type\":\"ImageObject\",\"inLanguage\":\"fr-FR\",\"@id\":\"https:\\\/\\\/dev.recer.pt\\\/fr\\\/collection\\\/porto\\\/#primaryimage\",\"url\":\"https:\\\/\\\/dev.recer.pt\\\/wp-content\\\/uploads\\\/2024\\\/11\\\/cover-porto.jpg\",\"contentUrl\":\"https:\\\/\\\/dev.recer.pt\\\/wp-content\\\/uploads\\\/2024\\\/11\\\/cover-porto.jpg\",\"width\":1920,\"height\":1080},{\"@type\":\"BreadcrumbList\",\"@id\":\"https:\\\/\\\/dev.recer.pt\\\/fr\\\/collection\\\/porto\\\/#breadcrumb\",\"itemListElement\":[{\"@type\":\"ListItem\",\"position\":1,\"name\":\"Home\",\"item\":\"https:\\\/\\\/dev.recer.pt\\\/fr\\\/\"},{\"@type\":\"ListItem\",\"position\":2,\"name\":\"Collections\",\"item\":\"https:\\\/\\\/dev.recer.pt\\\/fr\\\/collection\\\/\"},{\"@type\":\"ListItem\",\"position\":3,\"name\":\"Porto\"}]},{\"@type\":\"WebSite\",\"@id\":\"https:\\\/\\\/dev.recer.pt\\\/fr\\\/#website\",\"url\":\"https:\\\/\\\/dev.recer.pt\\\/fr\\\/\",\"name\":\"Recer\",\"description\":\"\",\"potentialAction\":[{\"@type\":\"SearchAction\",\"target\":{\"@type\":\"EntryPoint\",\"urlTemplate\":\"https:\\\/\\\/dev.recer.pt\\\/fr\\\/?s={search_term_string}\"},\"query-input\":{\"@type\":\"PropertyValueSpecification\",\"valueRequired\":true,\"valueName\":\"search_term_string\"}}],\"inLanguage\":\"fr-FR\"}]}<\/script>\n<!-- \/ Yoast SEO plugin. -->","yoast_head_json":{"title":"Carreau biseaut\u00e9 - Porto - Recer","description":"Porto associe tradition et modernit\u00e9 dans un carreau biseaut\u00e9 qui apporte de la profondeur visuelle \u00e0 vos espaces. D\u00e9couvrez ses 9 couleurs vibrantes.","robots":{"index":"index","follow":"follow","max-snippet":"max-snippet:-1","max-image-preview":"max-image-preview:large","max-video-preview":"max-video-preview:-1"},"canonical":"https:\/\/dev.recer.pt\/fr\/collection\/porto\/","og_locale":"fr_FR","og_type":"article","og_title":"Carreau biseaut\u00e9 - Porto - Recer","og_description":"Porto associe tradition et modernit\u00e9 dans un carreau biseaut\u00e9 qui apporte de la profondeur visuelle \u00e0 vos espaces. D\u00e9couvrez ses 9 couleurs vibrantes.","og_url":"https:\/\/dev.recer.pt\/fr\/collection\/porto\/","og_site_name":"Recer","article_publisher":"https:\/\/www.facebook.com\/recerceramics","article_modified_time":"2025-05-25T10:52:08+00:00","og_image":[{"width":1920,"height":1080,"url":"https:\/\/dev.recer.pt\/wp-content\/uploads\/2024\/11\/cover-porto.jpg","type":"image\/jpeg"}],"twitter_card":"summary_large_image","schema":{"@context":"https:\/\/schema.org","@graph":[{"@type":"WebPage","@id":"https:\/\/dev.recer.pt\/fr\/collection\/porto\/","url":"https:\/\/dev.recer.pt\/fr\/collection\/porto\/","name":"Carreau biseaut\u00e9 - Porto - Recer","isPartOf":{"@id":"https:\/\/dev.recer.pt\/fr\/#website"},"primaryImageOfPage":{"@id":"https:\/\/dev.recer.pt\/fr\/collection\/porto\/#primaryimage"},"image":{"@id":"https:\/\/dev.recer.pt\/fr\/collection\/porto\/#primaryimage"},"thumbnailUrl":"https:\/\/dev.recer.pt\/wp-content\/uploads\/2024\/11\/cover-porto.jpg","datePublished":"2024-11-19T10:59:03+00:00","dateModified":"2025-05-25T10:52:08+00:00","description":"Porto associe tradition et modernit\u00e9 dans un carreau biseaut\u00e9 qui apporte de la profondeur visuelle \u00e0 vos espaces. D\u00e9couvrez ses 9 couleurs vibrantes.","breadcrumb":{"@id":"https:\/\/dev.recer.pt\/fr\/collection\/porto\/#breadcrumb"},"inLanguage":"fr-FR","potentialAction":[{"@type":"ReadAction","target":["https:\/\/dev.recer.pt\/fr\/collection\/porto\/"]}]},{"@type":"ImageObject","inLanguage":"fr-FR","@id":"https:\/\/dev.recer.pt\/fr\/collection\/porto\/#primaryimage","url":"https:\/\/dev.recer.pt\/wp-content\/uploads\/2024\/11\/cover-porto.jpg","contentUrl":"https:\/\/dev.recer.pt\/wp-content\/uploads\/2024\/11\/cover-porto.jpg","width":1920,"height":1080},{"@type":"BreadcrumbList","@id":"https:\/\/dev.recer.pt\/fr\/collection\/porto\/#breadcrumb","itemListElement":[{"@type":"ListItem","position":1,"name":"Home","item":"https:\/\/dev.recer.pt\/fr\/"},{"@type":"ListItem","position":2,"name":"Collections","item":"https:\/\/dev.recer.pt\/fr\/collection\/"},{"@type":"ListItem","position":3,"name":"Porto"}]},{"@type":"WebSite","@id":"https:\/\/dev.recer.pt\/fr\/#website","url":"https:\/\/dev.recer.pt\/fr\/","name":"Recer","description":"","potentialAction":[{"@type":"SearchAction","target":{"@type":"EntryPoint","urlTemplate":"https:\/\/dev.recer.pt\/fr\/?s={search_term_string}"},"query-input":{"@type":"PropertyValueSpecification","valueRequired":true,"valueName":"search_term_string"}}],"inLanguage":"fr-FR"}]}},"_links":{"self":[{"href":"https:\/\/dev.recer.pt\/fr\/wp-json\/wp\/v2\/collections\/33303","targetHints":{"allow":["GET"]}}],"collection":[{"href":"https:\/\/dev.recer.pt\/fr\/wp-json\/wp\/v2\/collections"}],"about":[{"href":"https:\/\/dev.recer.pt\/fr\/wp-json\/wp\/v2\/types\/collection"}],"wp:featuredmedia":[{"embeddable":true,"href":"https:\/\/dev.recer.pt\/fr\/wp-json\/wp\/v2\/media\/27320"}],"wp:attachment":[{"href":"https:\/\/dev.recer.pt\/fr\/wp-json\/wp\/v2\/media?parent=33303"}],"curies":[{"name":"wp","href":"https:\/\/api.w.org\/{rel}","templated":true}]}}

<p>Inspirée par l&rsquo;héritage architectural de la ville de Porto, cette série allie l&rsquo;expression historique à la fonctionnalité contemporaine.</p>
<p>Ces carreaux biseautés sont disponibles dans le format 7,5&#215;15 et dans 9 couleurs vibrantes. Elles ont une surface texturée avec des bords angulaires, ce qui crée un effet visuel particulier et ajoute de la profondeur à l&rsquo;espace où elles sont appliquées.</p>
<p>À l&rsquo;extérieur, elles deviennent les protagonistes des façades, en ajoutant une touche de tradition et de caractère.</p>

<p>Inspirée par l&rsquo;héritage architectural de la ville de Porto, cette série allie l&rsquo;expression historique à la fonctionnalité contemporaine. Ces carreaux biseautés sont disponibles dans le format 7,5&#215;15 et dans 9 couleurs vibrantes. Elles ont une surface texturée avec des bords angulaires, ce qui crée un effet visuel particulier et ajoute de la profondeur à l&rsquo;espace [&hellip;]</p>

<!-- This site is optimized with the Yoast SEO plugin v27.4 - https://yoast.com/product/yoast-seo-wordpress/ -->
<title>Carreau biseauté - Porto - Recer</title>
<meta name="description" content="Porto associe tradition et modernité dans un carreau biseauté qui apporte de la profondeur visuelle à vos espaces. Découvrez ses 9 couleurs vibrantes." />
<meta name="robots" content="index, follow, max-snippet:-1, max-image-preview:large, max-video-preview:-1" />
<link rel="canonical" href="https://dev.recer.pt/fr/collection/porto/" />
<meta property="og:locale" content="fr_FR" />
<meta property="og:type" content="article" />
<meta property="og:title" content="Carreau biseauté - Porto - Recer" />
<meta property="og:description" content="Porto associe tradition et modernité dans un carreau biseauté qui apporte de la profondeur visuelle à vos espaces. Découvrez ses 9 couleurs vibrantes." />
<meta property="og:url" content="https://dev.recer.pt/fr/collection/porto/" />
<meta property="og:site_name" content="Recer" />
<meta property="article:publisher" content="https://www.facebook.com/recerceramics" />
<meta property="article:modified_time" content="2025-05-25T10:52:08+00:00" />
<meta property="og:image" content="https://dev.recer.pt/wp-content/uploads/2024/11/cover-porto.jpg" />
	<meta property="og:image:width" content="1920" />
	<meta property="og:image:height" content="1080" />
	<meta property="og:image:type" content="image/jpeg" />
<meta name="twitter:card" content="summary_large_image" />
<script type="application/ld+json" class="yoast-schema-graph">{"@context":"https:\/\/schema.org","@graph":[{"@type":"WebPage","@id":"https:\/\/dev.recer.pt\/fr\/collection\/porto\/","url":"https:\/\/dev.recer.pt\/fr\/collection\/porto\/","name":"Carreau biseauté - Porto - Recer","isPartOf":{"@id":"https:\/\/dev.recer.pt\/fr\/#website"},"primaryImageOfPage":{"@id":"https:\/\/dev.recer.pt\/fr\/collection\/porto\/#primaryimage"},"image":{"@id":"https:\/\/dev.recer.pt\/fr\/collection\/porto\/#primaryimage"},"thumbnailUrl":"https:\/\/dev.recer.pt\/wp-content\/uploads\/2024\/11\/cover-porto.jpg","datePublished":"2024-11-19T10:59:03+00:00","dateModified":"2025-05-25T10:52:08+00:00","description":"Porto associe tradition et modernité dans un carreau biseauté qui apporte de la profondeur visuelle à vos espaces. Découvrez ses 9 couleurs vibrantes.","breadcrumb":{"@id":"https:\/\/dev.recer.pt\/fr\/collection\/porto\/#breadcrumb"},"inLanguage":"fr-FR","potentialAction":[{"@type":"ReadAction","target":["https:\/\/dev.recer.pt\/fr\/collection\/porto\/"]}]},{"@type":"ImageObject","inLanguage":"fr-FR","@id":"https:\/\/dev.recer.pt\/fr\/collection\/porto\/#primaryimage","url":"https:\/\/dev.recer.pt\/wp-content\/uploads\/2024\/11\/cover-porto.jpg","contentUrl":"https:\/\/dev.recer.pt\/wp-content\/uploads\/2024\/11\/cover-porto.jpg","width":1920,"height":1080},{"@type":"BreadcrumbList","@id":"https:\/\/dev.recer.pt\/fr\/collection\/porto\/#breadcrumb","itemListElement":[{"@type":"ListItem","position":1,"name":"Home","item":"https:\/\/dev.recer.pt\/fr\/"},{"@type":"ListItem","position":2,"name":"Collections","item":"https:\/\/dev.recer.pt\/fr\/collection\/"},{"@type":"ListItem","position":3,"name":"Porto"}]},{"@type":"WebSite","@id":"https:\/\/dev.recer.pt\/fr\/#website","url":"https:\/\/dev.recer.pt\/fr\/","name":"Recer","description":"","potentialAction":[{"@type":"SearchAction","target":{"@type":"EntryPoint","urlTemplate":"https:\/\/dev.recer.pt\/fr\/?s={search_term_string}"},"query-input":{"@type":"PropertyValueSpecification","valueRequired":true,"valueName":"search_term_string"}}],"inLanguage":"fr-FR"}]}</script>
<!-- / Yoast SEO plugin. -->

Carreau biseauté - Porto - Recer

Porto associe tradition et modernité dans un carreau biseauté qui apporte de la profondeur visuelle à vos espaces. Découvrez ses 9 couleurs vibrantes.
